= -y**3 + y + 679. Suppose k + 2*k = 0. Is w(k) a prime number?
False
Let z = 454 + -315. Is z composite?
False
Suppose 12 = -4*l, 0 = 2*j - j + l + 20. Let w = 47 + j. Suppose 0 = -3*f - 0*f + w. Is f a composite number?
True
Is (1 - -961)/(-2 + 3 - -1) a prime number?
False
Let r(z) = 4592*z**3 - 2*z**2 + 2*z - 1. Is r(1) a prime number?
True
Let t be 3*(-1 - 0)/1. Let f be -2*(t - -2) + -2. Suppose 3*v + f*v = 231. Is v composite?
True
Let b(q) = -q. Let c be b(-1). Let u be (3/(-6))/(c/72). Is (2 - u) + 0 + -1 composite?
False
Suppose 0 = -7*f + 5*f + 80. Let t(q) = 26*q - 1. Let k be t(1). Let m = f - k. Is m prime?
False
Suppose h = -0*h - 463. Let m = -306 - h. Is m composite?
False
Is (-86)/(-5 + 3)*1 composite?
False
Let z(i) = -3*i + 10 + 7 - 6 + 5*i. Is z(5) a prime number?
False
Is ((-941)/3*-3)/(-1)*-1 prime?
True
Suppose 3*h = 3*s + 18, -6*h + h = s - 6. Suppose 2*k + h*k = 488. Suppose i = 2*d + 4*i - k, 323 = 5*d + 3*i. Is d a composite number?
False
Is 53 + 0 + 3 + -1 prime?
False
Let s = 1733 + 1493. Is s prime?
False
Let r = -578 - -967. Is r composite?
False
Let w = 9 - 4. Suppose 0*b + 68 = 3*b + v, 0 = -w*v + 25. Is b composite?
True
Suppose 2*x + 12 = -x, -2*m + 4*x + 16 = 0. Suppose m = r - 6*r. Let o = r + 43. Is o prime?
True
Suppose 0 = -4*j + 2 - 6. Is 1/(-1) + (-27)/j a composite number?
True
Suppose -b = 3*s - 1108, 5*b - 2365 - 3214 = -2*s. Is b a prime number?
True
Let d(k) = -k - 1. Let b be d(5). Let h(q) = -q - 6. Let t be h(b). Suppose -5*x - 3*p = -575, 3*x + 4*p + t*p = 345. Is x a composite number?
True
Let s(k) = 2*k**2 + 8*k + 4. Let u be s(-6). Suppose 0 = b - 7 - u. Is b a composite number?
True
Let x be 90/4*90/25. Is x - (1 + (2 - 1)) prime?
True
Let z(q) = -q**3 - q**2 - q + 5. Let s be z(0). Suppose 25 = s*h, 5*h = 2*m - 6*m + 321. Is m composite?
True
Suppose -2*m + g + 1 = 0, -4*m + g - 3 = -4. Suppose 3*a - 25 - 44 = m. Is a a prime number?
True
Let d = 5 - 3. Let b be -1*d - (1 - 2). Is -1 - ((-3 - b) + -57) composite?
True
Let s(n) = -n**2 + 1. Let p be s(-1). Suppose -r - 4*d - d + 89 = p, -4*r - d = -394. Suppose -r = -3*t - 0*t. Is t composite?
True
Suppose -i - 2*i - 2*z = 54, -4*i - 65 = 5*z. Let o = 18 - -23. Let m = o + i. Is m prime?
False
Suppose 0*u - 7 = u. Is (-177)/u - (-6)/(-21) composite?
True
Let z(j) = -j**2 - 5*j + 6. Let u be z(-6). Suppose u*s + 97 = 5*y + s, 2*s - 80 = -4*y. Is y a prime number?
True
Let u(p) = 48*p. Let f(w) = w - 2. Let j be f(3). Let k be u(j). Suppose 0 = 3*x - k - 63. Is x composite?
False
Let u = -6 + 11. Suppose -4*k + u*k - 46 = 0. Is k composite?
True
Suppose 131*t = 129*t + 1662. Is t prime?
False
Is ((-201)/2)/((-36)/48) a composite number?
True
Suppose 1 = 3*q + 16, q = -d. Suppose 3*c = d*c - 8. Suppose -c*y = 5*m - 343, 5*y + m = y + 347. Is y a composite number?
True
Suppose f + n = 136, 2*f - 3*f = 3*n - 140. Suppose -y = 4*d - 638, 2*d = -5*y + f + 194. Is d a prime number?
False
Suppose -437 - 263 = -2*f. Suppose -4*y - 491 = p - 6*p, -y = 4. Suppose -5*g + p = -f. Is g a prime number?
True
Suppose 0 = 3*z - 537 - 75. Is (z - 10)*1/2 a prime number?
True
Is (-12)/(-36) + 1744/6 + -2 a composite number?
True
Suppose 16 = 2*s + 4*w, 3*s + 5*w - w - 14 = 0. Is 91 - s/(-3)*3 a composite number?
False
Let o = -3 - -5. Suppose 0 = 4*v + 5*j - 159, 0 = 3*v + o*j - 16 - 112. Is v composite?
True
Suppose 5 = -y - 0. Let g(p) = -7*p - 4. Let v(o) = 7*o + 5. Let r(t) = 5*g(t) + 4*v(t). Is r(y) a prime number?
False
Let j(y) = 4*y**2 + 13*y + 10. Let o be j(-9). Let h = -134 + o. Is h a composite number?
False
Suppose -x - 2*k - 3164 = -3*x, -5*k + 6337 = 4*x. Is x a composite number?
False
Suppose 4 = -2*f - 8. Let j(g) = g**2 + 6*g + 6. Let l be j(f). Is l/(-5)*(-5)/2 prime?
True
Let j(d) = 4*d**3 - 1. Let n(h) be the second derivative of -h**5/10 - h**4/12 - h**3/6 - h**2/2 + 2*h. Let l be n(-1). Is j(l) a prime number?
True
Let k(c) = 12*c**2 - 13*c - 4. Is k(7) composite?
True
Is (4/(-6))/(28/(-15918)) prime?
True
Suppose 3*r = r - 8. Let j be 1/4 - 367/r. Suppose j = 8*i - 4*i. Is i composite?
False
Suppose h - 74 = 53. Is h a composite number?
False
Let f(t) = 4*t**2 + 1 + 0 + t + 3*t**2. Is f(3) prime?
True
Let d(n) = -n**2 + 9*n. Let g be d(9). Let s be ((-2)/6)/(2/(-24)). Suppose 0 = -g*m - s*m + 92. Is m a prime number?
True
Let p(z) = -7*z**2 + z + 1. Let j(s) = -3*s**2 - 4*s - 4. Let l(o) = -4*o**2 - 5*o - 5. Let c(m) = 5*j(m) - 4*l(m). Let n(f) = -3*c(f) - p(f). Is n(-4) prime?
True
Suppose l + 32 = 2*j, -3*l = 2*l - 2*j + 128. Let i = l + 58. Is i a prime number?
False
Let w be (-389)/2 + 2/(-4). Suppose 60 + 46 = -l. Let f = l - w. Is f a composite number?
False
Let x be 6*((-21)/(-6) + -3). Suppose j + x*j = 212. Is j composite?
False
Suppose 3*k = -2*j + 2513, 0*k - 3768 = -3*j - 3*k. Is j a composite number?
True
Suppose -5*c - y = 2706, -5*c + 7*y = 4*y + 2722. Is (-18)/(-63) + c/(-14) a composite number?
True
Let o(x) = 66*x**2 + 3*x + 1. Let u = 13 + -15. Is o(u) prime?
False
Let j(f) = 88*f**2 + f - 2. Is j(-3) composite?
False
Suppose -5 = -5*r - 0*r. Let k = -128 + 124. Is 152/2 - (k + r) prime?
True
Let q be -1 + -3*(-3)/9. Let o(l) = 7 - 1 - l + q. Is o(-8) prime?
False
Suppose 3*l + p - 1009 = 0, 0*l = -2*l - 3*p + 682. Is l a composite number?
True
Is ((-2)/1)/(6/(-3909)) a composite number?
False
Let k = 846 + -527. Suppose k = -g + 1122. Suppose -58 = 5*r - g. Is r composite?
False
Let s = 7 - 4. Let w = 5 - s. Suppose 2*f - w*c - 36 = 0, -1 = -3*c - 16. Is f composite?
False
Let m be (-4)/(-6) + (-152)/(-24). Let i be ((-1)/2)/(2/4). Let r = m + i. Is r prime?
False
Let h be (-428)/(-20) - 4/10. Suppose 5*q - 34 - h = 0. Is q a prime number?
True
Let p(w) = -w**3 - 6*w**2 + 4*w - 5. Let f be p(-7). Is 2/((f/268)/2) a composite number?
False
Suppose v - 35 = -4*v. Let u = v + -6. Suppose 56 - u = 5*z. Is z a prime number?
True
Let q(m) = 8*m**3 + 2*m**2 - 4*m - 3. Let r(s) = 17*s**3 + 4*s**2 - 9*s - 7. Let i(w) = -5*q(w) + 2*r(w). Is i(-3) composite?
False
Suppose 3*d - 5*x - 4 = 0, -5*d + 5*x = x + 2. Let q be ((-13)/(-3))/(d/6). Is -1 + q/(13/(-210)) a prime number?
False
Let h(q) = 98*q - 25. Let b(n) = -33*n + 8. Let r(x) = -7*b(x) - 2*h(x). Let d be r(4). Suppose 3*v - v = d. Is v composite?
False
Let a(c) be the second derivative of -c**2 - 1/6*c**4 - 3*c + 0 + 1/6*c**3 + 1/10*c**5. Is a(3) a composite number?
False
Let u(z) = -z**2 + 3. Suppose 2*n - n = 0. Let w be u(n). Suppose -491 = -w*a - 2*t, -5*a = 2*t + 3*t - 820. Is a a composite number?
False
Suppose b = j + 282, 0*b + b - 4*j - 297 = 0. Suppose g - 4*l - 59 = 0, -5*g + b = -5*l + 3*l. Is g a composite number?
True
Let g = 24 - 16. Is (-1036)/(-16) - (-2)/g a composite number?
True
Suppose 3*u - 3*l = -123, 2*l = 2*u + 3*u + 205. Let m = 38 - u. Let p = -53 + m. Is p prime?
False
Suppose 4*l + 4*k - 1060 = 0, -3*k + 4 = 16. Is l a prime number?
True
Suppose 2 + 0 = 2*x. Let d(n) = 2*n**3 + 2*n**2 - 1. Let g be d(x). Is (-1)/g - 148/(-3) composite?
True
Let d = 4068 + -2627. Is d prime?
False
Let f(c) = 2*c**3 - 7*c**2 + 2. Let x be f(7). Suppose 0 = -4*d + 419 + x. Is d a prime number?
True
Let i = -18 + 6. Let f(c) = -c**2 - 18*c - 13. Is f(i) a composite number?
False
Let q(a) = -a**2 + 3*a - 1. Let v be q(2). Let c = 54 + v. Is c prime?
False
Let s be (3/(-6))/((-1)/(-4)). Let o = s + 6. Let u = o + -2. Is u a prime number?
True
Suppose 4*s + y - 9 = 0, 0 = -5*s + 3*y + 7 + 17. Suppose s*u - 421 = 68. Is u prime?
True
Let l = -3060 - -1822. Let x = -321 - l. Is x prime?
False
Let s(k) = 27*k + 1. Let m be s(2). Let y = -5 + 9. Suppose f - m = -y*f. Is f composite?
False
Let y = -8 + 4. Is (-536)/(-14) - y/(-14) a composite number?
True
Let c be (-7)/(-2) + (-1)/(-2). Suppose -4*w - c*q + 106 = -262, 2*w = -4*q + 180. Is w prime?
False
Let u = 2 - -2. Suppose -u*c + 1089 = 245. Is c composite?
False
Let r = -166 - -687. Is r a composite number?
False
Suppose 8*j = -2475 + 11171. Is j prime?
True
Is 638/12 + 2/(-12) prime?
True
Suppose 4*c = -4*y + 3*c, 2*y = -5*c - 18. Is y/((-2)/(-2))*319 a composite number?
True
Let b(g) = g**3 + 8*g**2 + 7*g + 6. Let z be b(-7). Let s be 99/6*8/3. Is (s/6)/(z/27) a prime number?
False
Suppose 0 = -4*x - 382 -